ase 11) to base 4.
2
4 (base 11) to base 15
4
-26 (base 8) to base 14
-18
What is -300 (base 6) in base 12?
-90
Convert -100 (base 2) to base 14.
-4
-2 (base 16) to base 11
-2
Convert -5 (base 15) to base 4.
-11
What is 0 (base 6) in base 4?
0
-73 (base 13) to base 3
-10111
-1001110 (base 2) to base 3
-2220
What is 29 (base 13) in base 8?
43
What is -52 (base 10) in base 2?
-110100
-3 (base 16) to base 13
-3
What is 1 (base 12) in base 4?
1
-11 (base 16) to base 9
-18
What is 4 (base 12) in base 2?
100
Convert 10101 (base 3) to base 6.
231
Convert 19 (base 12) to base 10.
21
Convert 144 (base 5) to base 10.
49
5 (base 8) to base 7
5
-15 (base 16) to base 5
-41
What is 2230 (base 4) in base 15?
b7
What is -3 (base 13) in base 9?
-3
7b (base 12) to base 2
1011111
24 (base 13) to base 11
28
-3 (base 10) to base 11
-3
What is 7 (base 8) in base 14?
7
What is 10 (base 3) in base 13?
3
89 (base 14) to base 4
1321
What is 33 (base 7) in base 13?
1b
Convert -113 (base 4) to base 3.
-212
-2 (base 5) to base 2
-10
-13 (base 5) to base 14
-8
4 (base 16) to base 3
11
-20 (base 6) to base 4
-30
3 (base 10) to base 12
3
Convert -2 (base 5) to base 15.
-2
Convert -251 (base 6) to base 2.
-1100111
252 (base 6) to base 4
1220
Convert 26 (base 16) to base 9.
42
What is 40 (base 5) in base 16?
14
Convert 5 (base 12) to base 8.
5
Convert -2 (base 4) to base 2.
-10
Convert -46 (base 15) to base 16.
-42
1231 (base 5) to base 3
21002
Convert 33 (base 11) to base 9.
40
Convert 9 (base 12) to base 3.
100
What is -20 (base 3) in base 13?
-6
-177 (base 8) to base 3
-11201
-14 (base 16) to base 9
-22
102 (base 7) to base 15
36
-2a (base 15) to base 2
-101000
What is -1 (base 10) in base 6?
-1
Convert 11110 (base 2) to base 12.
26
What is -343 (base 7) in base 8?
-262
What is -43 (base 10) in base 5?
-133
What is 30 (base 6) in base 15?
13
Convert 332 (base 9) to base 3.
101002
Convert -1 (base 2) to base 12.
-1
What is 1 (base 11) in base 10?
1
-4 (base 12) to base 2
-100
-434 (base 6) to base 16
-a6
What is -2 (base 7) in base 10?
-2
-40 (base 12) to base 2
-110000
What is 0 (base 5) in base 3?
0
What is 33 (base 4) in base 12?
13
-1242 (base 5) to base 13
-122
What is 3c (base 14) in base 6?
130
What is 0 (base 6) in base 2?
0
What is -23 (base 6) in base 10?
-15
-3 (base 12) to base 4
-3
Convert 1 (base 9) to base 12.
1
-17 (base 9) to base 13
-13
Convert -23 (base 4) to base 11.
-10
10 (base 9) to base 15
9
What is 1020 (base 4) in base 6?
200
Convert -17 (base 8) to base 15.
-10
Convert 0 (base 11) to base 16.
0
Convert 2 (base 14) to base 12.
2
-120 (base 12) to base 9
-206
Convert -1 (base 7) to base 3.
-1
22 (base 4) to base 16
a
What is 0 (base 8) in base 12?
0
Convert -122 (base 8) to base 7.
-145
1111 (base 2) to base 16
f
Convert -21202 (base 3) to base 16.
-d1
Convert 3 (base 15) to base 16.
3
What is -5 (base 14) in base 13?
-5
-7 (base 10) to base 11
-7
What is 18 (base 9) in base 12?
15
Convert -1 (base 2) to base 4.
-1
-8 (base 14) to base 13
-8
Convert -2 (base 10) to base 13.
-2
2 (base 4) to base 16
2
-2 (base 7) to base 6
-2
-2 (base 12) to base 2
-10
Convert -3a (base 16) to base 14.
-42
53 (base 9) to base 15
33
12 (base 15) to base 6
25
What is 1d (base 16) in base 14?
21
What is 125 (base 6) in base 11?
49
0 (base 12) to base 16
0
Convert -5 (base 13) to base 11.
-5
0 (base 12) to base 2
0
b (base 15) to base 7
14
What is -3 (base 6) in base 16?
-3
What is 1 (base 8) in base 9?
1
What is 21 (base 7) in base 5?
30
Convert -17 (base 8) to base 3.
-120
6 (base 11) to base 13
6
What is 1 (base 6) in base 5?
1
What is 0 (base 5) in base 16?
0
Convert 37 (base 13) to base 10.
46
Convert 1 (base 8) to base 14.
1
What is 1422 (base 5) in base 7?
456
11 (base 2) to base 9
3
Convert -234 (base 6) to base 9.
-114
Convert 3 (base 7) to base 10.
3
What is -30 (base 7) in base 3?
-210
Convert 25 (base 13) to base 12.
27
Convert 463 (base 7) to base 12.
181
-1 (base 11) to base 9
-1
-4 (base 13) to base 15
-4
What is 19 (base 12) in base 5?
41
Convert -1 (base 4) to base 5.
-1
What is 20 (base 6) in base 7?
15
23 (base 16) to base 13
29
What is 32 (base 5) in base 14?
13
Convert -2423 (base 5) to base 3.
-111110
-16 (base 8) to base 9
-15
2 (base 6) to base 11
2
Convert -1d (base 15) to base 8.
-34
120 (base 4) to base 12
20
Convert 3 (base 16) to base 15.
3
Convert -39 (base 12) to base 6.
-113
2 (base 15) to base 10
2
Convert -10 (base 13) to base 16.
-d
Convert -2b (base 12) to base 10.
-35
-34 (base 10) to base 9
-37
Convert 1146 (base 7) to base 11.
358
-43 (base 8) to base 14
-27
-132 (base 15) to base 10
-272
What is -13 (base 6) in base 16?
-9
Convert -221 (base 6) to base 11.
-78
Convert -b (base 16) to base 6.
-15
Convert 1 (base 13) to base 7.
1
10110100 (base 2) to base 14
cc
43 (base 5) to base 11
21
Convert 2 (base 14) to base 7.
2
225 (base 10) to base 13
144
14 (base 15) to base 13
16
What is 2 (base 4) in base 2?
10
What is -b (base 13) in base 14?
-b
What is 67 (base 8) in base 13?
43
3 (base 13) to base 5
3
-175 (base 10) to base 4
-2233
-1100101 (base 2) to base 14
-73
Convert 0 (base 7) to base 16.
0
What is 3 (base 15) in base 7?
3
Convert 13 (base 4) to base 11.
7
2 (base 8) to base 11
2
What is -12 (base 8) in base 15?
-a
What is 62 (base 14) in base 11?
79
-2242 (base 5) to base 3
-102221
What is -102 (base 15) in base 8?
-343
Convert 24 (base 9) to base 14.
18
27 (base 8) to base 9
25
11 (base 4) to base 12
5
Convert 1 (base 5) to base 8.
1
Convert -81 (base 10) to base 6.
-213
407 (base 8) to base 11
21a
What is -4 (base 9) in base 14?
-4
Convert 4 (base 13) to base 7.
4
Convert 1001111 (base 2) to base 5.
304
2 (base 11) to base 13
2
Convert -10 (base 8) to base 15.
-8
What is 3200 (base 4) in base 9?
268
Convert 4c (base 13) to base 10.
64
What is 0 (base 13) in base 10?
0
Convert -b (base 16) to base 14.
-b
-4 (base 11) to base 5
-4
3 (base 4) to base 15
3
10000 (base 2) to base 8
20
1 (base 15) to base 8
1
What is 19d (base 16) in base 5?
3123
Convert 4 (base 8) to base 3.
11
What is -3 (base 8) in base 13?
-3
Convert 20 (base 7) to base 16.
e
-30 (base 8) to base 2
-11000
What is 12210 (base 3) in base 13?
c0
What is 43 (base 7) in base 6?
51
What is 7 (base 10) in base 4?
13
Convert -1 (base 15) to base 13.
-1
Convert 121 (base 3) to base 4.
100
What is -8 (base 10) in base 15?
-8
Convert -116 (base 9) to base 11.
-88
What is 7 (base 13) in base 2?
111
What is 7 (base 13) in base 2?
111
-19 (base 11) to base 10
-20
21 (base 3) to base 10
7
Convert 20 (base 12) to base 7.
33
What is -2 (base 8) in base 3?
-2
What is -125 (base 6) in base 5?
-203
Convert 2 (base 10) to base 15.
2
0 (base 6) to base 3
0
-1010 (base 2) to base 16
-a
Convert -10001110 (base 2) to base 4.
-2032
Convert -10102 (base 3) to base 12.
-78
-3 (base 8) to base 16
-3
Convert 4 (base 9) to base 5.
4
What is 14 (base 5) in base 8?
11
3 (base 7) to base 16
3
What is 52 (base 7) in base 14?
29
-20 (base 5) to base 6
-14
Convert 1 (base 10) to base 2.
1
21 (base 6) to base 3
111
Convert -32 (base 7) to base 3.
-212
Convert -8 (base 14) to base 7.
-11
What is 6a (base 14) in base 13?
73
What is -310 (base 4) in base 5?
-202
What is 1 (base 15) in base 4?
1
Convert -27 (base 13) to base 10.
-33
Convert -3c (base 15) to base 14.
-41
2 (base 11) to base 13
2
-53 (base 10) to base 5
-203
Convert 52 (base 7) to base 11.
34
aa (base 15) to base 9
187
-5 (base 7) to base 9
-5
What is 10 (base 7) in base 3?
21
10 (base 15) to base 5
30
-e (base 16) to base 11
-13
Convert 2 (base 16) to base 6.
2
Convert 1 (base 5) to base 12.
1
6 (base 9) to base 4
12
What is -324 (base 5) in base 2?
-1011001
-20 (base 7) to base 13
-11
Convert b (base 13) to base 12.
b
-45 (base 14) to base 5
-221
26 (base 8) to base 15
17
What is 0 (base 7) in base 2?
0
2 (base 7) to base 11
2
Convert 0 (base 3) to base 6.
0
What is 110 (base 4) in base 2?
10100
-1 (base 5) to base 15
-1
0 (base 10) to base 8
0
Convert -76 (base 14) to base 8.
-150
Convert -201 (base 3) to base 11.
-18
What is 0 (base 5) in base 11?
0
-4 (base 10) to base 5
-4
What is 3 (base 5) in base 12?
3
54 (base 8) to base 13
35
Convert 8 (base 15) to base 6.
12
10111010 (base 2) to base 4
2322
11 (base 2) to base 12
3
What is